 17*x - 30. Let b be g(5). Let k be (3 + (-1644)/(-2))*1. Suppose b*z - k = -15. What is the units digit of z?
2
Let h = 56 + -53. Suppose 4*f - n = 2*f + 110, -f = -h*n - 50. Suppose -4*q = 4*i - f, 2*q - 16 = -2*i + 6*i. What is the tens digit of q?
1
Suppose 0*z - 176 = 4*z. Suppose -o + 931 - 996 = 0. Let u = z - o. What is the tens digit of u?
2
Let g = -11 - -13. Suppose 6 = g*n - 2, 4*i - 4*n = 24. What is the units digit of i?
0
Let g(m) = -2*m + 15. Let q be g(6). Let s(f) = -f**3 + 3*f**2 + 2. Let a be s(q). Suppose a*i - 3*t = 187, 79 = -3*i - 2*t + 327. What is the units digit of i?
6
Let m(t) be the first derivative of 44*t**2 + 24*t + 57. What is the tens digit of m(4)?
7
Let x be ((-4 - -6)*-1)/(4/30). Let v be (-208)/(-10) + -3 - 3/x. Suppose -2*j = -k - 195, j - 72 - v = -2*k. What is the tens digit of j?
9
Suppose 20*s + 3478640 = -170*s + 11561430. What is the thousands digit of s?
2
Suppose -3*p + 3 = -63. Let c(g) = -g**2 + 28*g - 1. What is the tens digit of c(p)?
3
Let s(f) = 311*f**2 + 15*f - 57. What is the ten thousands digit of s(8)?
1
Let w(t) = -38*t**3 - 3*t**2 - 3*t - 1. Suppose 0 = -9*h + 8*h + 3. Suppose 4 = -5*a - j, a = 4*a - h*j + 6. What is the tens digit of w(a)?
3
Let y be (-3 - (-35)/10)/(1/46). Suppose -4*q + 15 = y. Let f(l) = 13*l**2 - l - 7. What is the tens digit of f(q)?
4
Let n(h) = -2 + h**3 - 7 - 20*h + 17*h**2 + 7. Let l = -20 - -2. What is the units digit of n(l)?
4
Let f = 20 - -20. Let c = f - 45. What is the tens digit of (-4*(-1)/c)/(22/(-1485))?
5
Let v = -80 - -82. Let o(y) = -5*y + 11. Let r be o(v). What is the units digit of r/(-3) - 14*172/(-24)?
0
Suppose 14880 + 33917 = 22*m - 16037. What is the thousands digit of m?
2
Let n = -550 - -1090. Let c = 838 - n. Let q = -209 + c. What is the units digit of q?
9
Let g(k) = 22*k**3 - 20*k**3 + 0 - 9*k - 6*k**2 + 11. Let f(m) = -2*m - 5. Let a be f(-5). What is the tens digit of g(a)?
6
Let g = -113 - -115. Suppose -2*f + g*u = f - 830, 2*f - 548 = -4*u. What is the hundreds digit of f?
2
Suppose 0 = -25*r - 263 + 963. Suppose -r*f + 33403 = -1793. What is the thousands digit of f?
1
Let x(i) = -i**3 + 10*i**2 - 9*i - 1. Suppose -1 = -g + 8. Let d be x(g). What is the tens digit of d/3*39*-2?
2
Let o(w) = -w**2 + 9*w - 9. Let l(u) = -u**2 + 10*u - 20. Let k be (3/4)/(51/340). Let h be l(k). What is the units digit of o(h)?
1
Suppose -12*r = 1326 - 22662. What is the tens digit of r?
7
Suppose 0 = 5*g - 5*y - 5, -2*g + y + 9 = -5*g. What is the hundreds digit of (-885)/6*(-10)/((-10)/g)?
2
Let b = 3600 - -5986. What is the hundreds digit of b?
5
What is the hundreds digit of (3 - (-3 + 11)) + 12274?
2
Let i(c) = 200*c**2 - 44*c - 657. What is the tens digit of i(-9)?
3
Let a(n) = -n**3 - 15*n**2 - 24*n - 48. Let q be a(-15). Let m = 550 - q. What is the tens digit of m?
3
Let c(s) = 4*s**2 - 21*s - 122. Let v(f) = -9*f**2 + 43*f + 245. Let r(h) = 5*c(h) + 2*v(h). What is the units digit of r(26)?
8
Let j(d) = d**2 + 6*d - 13. Let l be j(-10). Let c(n) = -l*n - 15*n + 47*n - 19. What is the units digit of c(5)?
6
Suppose 9 + 5 = 2*t + 2*z, 15 = 3*z. Suppose -3*a = -3*q + 186, 0*a - 3*q = t*a + 104. Let b = a + 165. What is the tens digit of b?
0
Suppose -968 = -0*o - 8*o. Let u = 372 - o. What is the hundreds digit of u?
2
Suppose 3*b - 20552 = -5*u, 24 = 66*b - 70*b. What is the thousands digit of u?
4
Let k = 815 - 829. What is the units digit of 619 + (k + 5 - -7)?
7
Let v(q) = -q**3 + 23*q**2 - 27*q + 45. Let h be v(23). Let z = h - -963. What is the units digit of z?
7
Let a(u) = 5*u - 4*u - 36 - 3*u. Let i be a(-18). What is the tens digit of i + 1 + (-1 - -85)?
8
What is the units digit of 24751188/726 - (-24)/(-44)?
2
Let w be 488/22 + (-11)/(726/12). Suppose -5*c + 702 = y, 0 = 5*y - 18*c + w*c - 3615. What is the units digit of y?
7
Suppose 127927 + 56855 = 23*y. What is the thousands digit of y?
8
Suppose 0 = 13*r + 11*r + 72. What is the hundreds digit of (-315)/25*90/(6/r)?
5
Let v = 93 + -89. Suppose -4*u + 2404 = -4*m, -v*m = -3*u + 2646 - 839. What is the units digit of u?
7
Let s(q) = 6*q**3 - 22*q**2 - 3*q + 13. Let t be s(5). Let d = t + -22. What is the hundreds digit of d?
1
Let x = -18 + 39. Suppose -43 - x = -q. Suppose 12*i = 10*i + q. What is the units digit of i?
2
Suppose 23*c + 4*c + 3*c = 1171170. What is the ten thousands digit of c?
3
Suppose m + 6320 = -9*m. Let d = m - -929. What is the tens digit of d?
9
Suppose 0 = 2*c - 5*c + 4*v - 2123, 2083 = -3*c - 4*v. Let u = 1151 + c. What is the tens digit of u?
5
Let o(u) = -69*u + 387. What is the tens digit of o(0)?
8
Suppose -24*u = -394038 - 1241970. What is the tens digit of u?
6
Let k(c) be the second derivative of 11*c**4/6 + 4*c**3/3 + 7*c**2 - 180*c. What is the hundreds digit of k(-5)?
5
What is the thousands digit of -22 + (-220)/(-11) - (0 + 2 - 36344)?
6
Let b(r) be the third derivative of r**4/6 - 5*r**3 - 26*r**2. Let w be b(-7). Let j = w + 73. What is the units digit of j?
5
Let s(z) = 273*z**2 - 134*z + 50. What is the thousands digit of s(10)?
6
Suppose 257 - 1127 = -5*m. Suppose -2*w = o + m, 14 = -5*w - 1. What is the tens digit of (9/(-6))/(4/o)?
6
Suppose 151 = -8*f + 2527. Let k = 570 - f. Suppose k = 3*z + 2*p, 5*z = 7*p - 2*p + 480. What is the tens digit of z?
9
Let s = -14193 + 86731. What is the thousands digit of s?
2
Let w be (-174)/54 + 6/(-27)*-1. Let o(a) = a**3 + 2*a**2 - 4*a + 1. Let q be o(w). Suppose -5*v + 502 = q*p, 6*v - 8 = 2*v. What is the hundreds digit of p?
1
Let y be (-1119)/18 - (-95)/(-114). What is the tens digit of (-28544)/(-18) - ((-140)/y)/(-10)?
8
Let s = -46 - -46. Let c be (-2 - -4)/(2 + s + -1). Suppose 4*y - 94 = c*y. What is the tens digit of y?
4
Let g(r) = 8*r + 53. Let v be g(-16). Let s = v + 77. Suppose 5*d - 4*w + s*w - 737 = 0, 3*d + 5*w = 467. What is the hundreds digit of d?
1
Let n(h) = -7 + 14 + 86*h - 8. Let p(c) = 86*c. Let g(w) = -2*n(w) + 3*p(w). What is the tens digit of g(1)?
8
Suppose 5*r - 4*t + t - 5073 = 0, -3*t = 3. Let l = r + -559. What is the hundreds digit of l?
4
Suppose -162*h + 80*h + 1434262 = 0. What is the thousands digit of h?
7
What is the tens digit of -13 + 12 + (29463 - 9)?
5
Let f = -47 + 33. Let h be 282*1 - f/14. Let i = -200 + h. What is the tens digit of i?
8
Suppose 8382 = m - 9571. What is the units digit of m?
3
What is the hundreds digit of (-18451 - 2 - 2)*(26 + -15 - 12)?
4
Let f(m) = 136*m + 31. What is the tens digit of f(3)?
3
Let w(u) = -u**3 + 6*u**2 - 4*u + 15. Let b be w(6). Let j be (3/b*19)/(3/(-144)). Suppose -9*c - j = -11*c. What is the units digit of c?
2
Let a be 2*(-2 - (-3)/2)*852. Let n = 1637 + a. What is the tens digit of n?
8
Let j = 38011 - 33820. What is the thousands digit of j?
4
Let a be 56 + 7 - (0 - -3). Suppose 0 = -2*n, a = q - n - 333. What is the units digit of q?
3
Let v(y) = -28*y**3 + 16*y**2 + 102*y + 23. What is the ten thousands digit of v(-12)?
4
Suppose -4*b = -4*q + 195044, q + 3*b - 25963 = 22834. What is the tens digit of q?
7
What is the ten thousands digit of ((-914)/(-8)*(63 + -2))/((-1009)/(-4036))?
2
Let o(c) = 4385*c**2 + 4*c + 32. What is the ten thousands digit of o(-4)?
7
Suppose 0 = -4*d - 3*f - 0*f + 788, -f + 974 = 5*d. Let v = 603 - d. What is the tens digit of v?
0
Let c(v) = 456*v**2 + 20*v + 168. What is the tens digit of c(6)?
0
Let j(o) = o**3 - 8*o**2 - o - 3. Let s be j(7). Let v = s - -159. What is the tens digit of v?
0
Let a(m) = 4*m. Let i(b) = -b**3 - 14*b**2 - 12*b + 4. Let t(c) = 1. Let d(p) = -i(p) - 2*t(p). Let k be d(-13). What is the units digit of a(k)?
8
Let h(a) = -15*a + 431. Let j be h(29). Let p(b) be the first derivative of b**4/4 + 8*b**3/3 - b**2/2 + 5*b + 1. What is the units digit of p(j)?
3
Let f be (-6)/(-4)*(-5 - -7). Suppose -4*s + f*z = -0*z - 8, -5*s = -4*z - 11. Let h(v) = -238*v - 1. What is the units digit of h(s)?
7
Let l = 1626 - 790. Suppose -5*o + l + 274 = 0. What is the tens digit of o?
2
What is the thousands digit of (-11)/(990/(-569664)) + (-2)/(-5)?
6
Let z = -854 + 10832. What is the units digit of z?
8
Suppose 30*u = 23*u + 35. Suppose -5*f = -b - u, -2*b = -5*f + 5 - 0. What is the hundreds digit of 133 + -1 + (b - 1)?
1
Suppose 3*s = 4*s - 5*m - 845